36606201?
6
What is the thousands digit of 685523?
5
What is the tens digit of 533084?
8
What is the tens digit of 322710?
1
What is the thousands digit of 4395419?
5
What is the thousands digit of 8667?
8
What is the hundred thousands digit of 1178603?
1
What is the hundreds digit of 24065954?
9
What is the tens digit of 121707?
0
What is the ten thousands digit of 215403?
1
What is the ten thousands digit of 2009309?
0
What is the tens digit of 17611245?
4
What is the millions digit of 5177022?
5
What is the thousands digit of 9292?
9
What is the millions digit of 3177026?
3
What is the units digit of 1524499?
9
What is the hundred thousands digit of 1347655?
3
What is the thousands digit of 2641947?
1
What is the hundred thousands digit of 3496661?
4
What is the hundreds digit of 2248533?
5
What is the hundreds digit of 4362825?
8
What is the thousands digit of 6187469?
7
What is the ten thousands digit of 278174?
7
What is the tens digit of 5936323?
2
What is the thousands digit of 849566?
9
What is the units digit of 1586251?
1
What is the thousands digit of 1319024?
9
What is the units digit of 9233288?
8
What is the hundreds digit of 4184612?
6
What is the tens digit of 5800257?
5
What is the thousands digit of 6378757?
8
What is the hundred thousands digit of 246201?
2
What is the tens digit of 457168?
6
What is the millions digit of 4164469?
4
What is the hundred thousands digit of 4670569?
6
What is the units digit of 16484?
4
What is the ten thousands digit of 293361?
9
What is the tens digit of 205453?
5
What is the thousands digit of 2812196?
2
What is the hundreds digit of 110621?
6
What is the tens digit of 2450482?
8
What is the millions digit of 1526062?
1
What is the hundreds digit of 4970837?
8
What is the tens digit of 143865?
6
What is the hundreds digit of 283459?
4
What is the tens digit of 4576061?
6
What is the ten thousands digit of 311939?
1
What is the hundreds digit of 585635?
6
What is the tens digit of 452946?
4
What is the ten thousands digit of 191532?
9
What is the hundreds digit of 729170?
1
What is the hundreds digit of 641927?
9
What is the hundreds digit of 25230732?
7
What is the units digit of 77107?
7
What is the hundreds digit of 468881?
8
What is the units digit of 12251540?
0
What is the units digit of 456970?
0
What is the tens digit of 190162?
6
What is the hundreds digit of 81869?
8
What is the units digit of 3602460?
0
What is the millions digit of 1937307?
1
What is the thousands digit of 39201348?
1
What is the millions digit of 7904058?
7
What is the units digit of 602640?
0
What is the tens digit of 11039180?
8
What is the tens digit of 521436?
3
What is the hundreds digit of 1041494?
4
What is the ten thousands digit of 1356537?
5
What is the hundred thousands digit of 34351536?
3
What is the units digit of 440638?
8
What is the units digit of 279512?
2
What is the thousands digit of 90793?
0
What is the hundred thousands digit of 123339?
1
What is the thousands digit of 2966?
2
What is the tens digit of 52776?
7
What is the units digit of 2011477?
7
What is the hundreds digit of 3545180?
1
What is the tens digit of 2574188?
8
What is the units digit of 179546?
6
What is the units digit of 464014?
4
What is the hundreds digit of 4355579?
5
What is the millions digit of 19402620?
9
What is the ten thousands digit of 103356?
0
What is the hundred thousands digit of 3813330?
8
What is the hundred thousands digit of 113676?
1
What is the thousands digit of 93052?
3
What is the thousands digit of 1247244?
7
What is the thousands digit of 208207?
8
What is the hundred thousands digit of 575644?
5
What is the hundred thousands digit of 2680033?
6
What is the units digit of 9180877?
7
What is the thousands digit of 7141809?
1
What is the hundreds digit of 5066259?
2
What is the hundred thousands digit of 185333?
1
What is the hundreds digit of 8987433?
4
What is the hundred thousands digit of 1233657?
2
What is the ten thousands digit of 7397364?
9
What is the ten thousands digit of 5360309?
6
What is the millions digit of 1104436?
1
What is the hundred thousands digit of 353466?
3
What is the tens digit of 763336?
3
What is the hundred thousands digit of 14709612?
7
What is the hundred thousands digit of 3541569?
5
What is the tens digit of 170336?
3
What is the ten thousands digit of 8703989?
0
What is the tens digit of 17278?
7
What is the hundreds digit of 806344?
3
What is the thousands digit of 3763648?
3
What is the thousands digit of 726266?
6
What is the millions digit of 2859149?
2
What is the hundreds digit of 1144272?
2
What is the ten thousands digit of 3068701?
6
What is the tens digit of 513243?
4
What is the hundreds digit of 1449320?
3
What is the thousands digit of 65868?
5
What is the hundred thousands digit of 3146626?
1
What is the millions digit of 1436741?
1
What is the ten thousands digit of 1235172?
3
What is the tens digit of 166165?
6
What is the units digit of 10514833?
3
What is the hundred thousands digit of 102587?
1
What is the thousands digit of 489455?
9
What is the hundreds digit of 7255117?
1
What is the hundred thousands digit of 33169845?
1
What is the ten thousands digit of 1061390?
6
What is the ten thousands digit of 21270620?
7
What is the units digit of 520669?
9
What is the ten thousands digit of 1074229?
7
What is the units digit of 803832?
2
What is the thousands digit of 324093?
4
What is the hundred thousands digit of 386182?
3
What is the hundreds digit of 25268945?
9
What is the hundred thousands digit of 2867247?
8
What is the ten thousands digit of 9255351?
5
What is the thousands digit of 1088461?
8
What is the hundred thousands digit of 6311329?
3
What is the tens digit of 36214?
1
What is the units digit of 1554819?
9
What is the thousands digit of 9573913?
3
What is the hundred thousands digit of 483143?
4
What is the ten thousands digit of 15550362?
5
What is the hundred thousands digit of 7082613?
0
What is the hundreds digit of 491287?
2
What is the ten thousands digit of 3736539?
3
What is the tens digit of 321380?
8
What is the hundred thousands digit of 427497?
4
What is the hundred thousands digit of 455374?
4
What is the tens digit of 541727?
2
What is the hundred thousands digit of 4341166?
3
What is the thousands digit of 9953433?
3
What is the hundreds digit of 518841?
8
What is the units digit of 265369?
9
What is the tens digit of 17929732?
3
What is the ten thousands digit of 13659804?
5
What is the hundreds digit of 1286300?
3
What is the hundred thousands digit of 945834?
9
What is the ten thousands digit of 50722?
5
What is the hundreds digit of 29935?
9
What is the hundreds digit of 7008513?
5
What is the units digit of 7197182?
2
What is the hundred thousands digit of 12434362?
4
What is the thousands digit of 87916?
7
What is the hundreds digit of 6186451?
4
What is the hundred thousands digit of 200038?
2
What is the hundred thousands digit of 772049?
7
What is the hundreds digit of 4973728?
7
What is the thousands digit of 23696?
3
What is the tens digit of 4659245?
4
What is the thousands digit of 94190?
4
What is the units digit of 335172?
2
What is the hundreds digit of 1187994?
9
What is the tens digit of 444797?
9
What is the hundred thousands digit of 123876?
1
What is the units digit of 90014?
4
What is the tens digit of 5934375?
7
What is the ten thousands digit of 290252?
9
What is the hundreds digit of 306888?
8
What is the tens digit of 310268?
6
What is the tens digit of 292133?
3
What is the hundreds digit of 147103?
1
What is the hundred thousands digit of 6777599?
7
What is the hundred thousands digit of 405124?
4
What is the thousands digit of 154529?
4
What is the ten thousands digit of 762070?
6
What is the units digit of 5612798?
8
What is the units digit of 1205414?
4
What is the hundred thousands digit of 9958170?
9
What is the hundred thousands digit of 527016?
5
What is the tens digit of 311360?
6
What is the tens digit of 15538289?
8
What is the millions digit of 1585953?
1
What is the millions digit of 1715710?
1
What is the hundred thousands digit of 520368?
5
What is the tens digit of 1374011?
1
What is the ten thousands digit of 558160?
5
What is the units digit of 28870?
0
What is the hund